13727?
7
What is the units digit of 934?
4
What is the hundreds digit of 31105?
1
What is the ten thousands digit of 64033?
6
What is the thousands digit of 31436?
1
What is the hundreds digit of 93779?
7
What is the tens digit of 740?
4
What is the thousands digit of 1093?
1
What is the tens digit of 978?
7
What is the thousands digit of 5195?
5
What is the hundreds digit of 276?
2
What is the units digit of 829?
9
What is the thousands digit of 13827?
3
What is the thousands digit of 22668?
2
What is the ten thousands digit of 40374?
4
What is the thousands digit of 7335?
7
What is the hundreds digit of 636?
6
What is the hundreds digit of 27878?
8
What is the thousands digit of 6932?
6
What is the hundreds digit of 6879?
8
What is the tens digit of 28?
2
What is the units digit of 22033?
3
What is the units digit of 561?
1
What is the hundreds digit of 473?
4
What is the hundreds digit of 707?
7
What is the ten thousands digit of 13694?
1
What is the units digit of 311?
1
What is the hundreds digit of 58314?
3
What is the tens digit of 161?
6
What is the units digit of 11417?
7
What is the hundreds digit of 3564?
5
What is the units digit of 936?
6
What is the tens digit of 400?
0
What is the hundreds digit of 264?
2
What is the units digit of 2896?
6
What is the hundreds digit of 3247?
2
What is the hundreds digit of 56056?
0
What is the hundreds digit of 146321?
3
What is the hundreds digit of 7928?
9
What is the tens digit of 1131?
3
What is the ten thousands digit of 95500?
9
What is the units digit of 22539?
9
What is the tens digit of 9981?
8
What is the tens digit of 5924?
2
What is the ten thousands digit of 58274?
5
What is the tens digit of 1051?
5
What is the hundreds digit of 363?
3
What is the tens digit of 1683?
8
What is the units digit of 1224?
4
What is the tens digit of 4355?
5
What is the units digit of 31903?
3
What is the units digit of 19026?
6
What is the thousands digit of 16237?
6
What is the hundreds digit of 20957?
9
What is the thousands digit of 2501?
2
What is the units digit of 6799?
9
What is the ten thousands digit of 12211?
1
What is the units digit of 877?
7
What is the units digit of 10496?
6
What is the tens digit of 555?
5
What is the tens digit of 26706?
0
What is the thousands digit of 20444?
0
What is the hundreds digit of 1422?
4
What is the thousands digit of 26297?
6
What is the units digit of 2704?
4
What is the units digit of 3613?
3
What is the units digit of 55575?
5
What is the hundreds digit of 31822?
8
What is the units digit of 11466?
6
What is the hundreds digit of 5533?
5
What is the hundreds digit of 974?
9
What is the hundreds digit of 89913?
9
What is the thousands digit of 30166?
0
What is the units digit of 6738?
8
What is the tens digit of 5444?
4
What is the units digit of 36668?
8
What is the thousands digit of 32055?
2
What is the tens digit of 3697?
9
What is the thousands digit of 174758?
4
What is the units digit of 72217?
7
What is the ten thousands digit of 78655?
7
What is the tens digit of 117415?
1
What is the ten thousands digit of 24022?
2
What is the ten thousands digit of 17591?
1
What is the hundreds digit of 7637?
6
What is the hundreds digit of 2623?
6
What is the tens digit of 1314?
1
What is the units digit of 13152?
2
What is the units digit of 138213?
3
What is the units digit of 792?
2
What is the units digit of 12006?
6
What is the units digit of 10284?
4
What is the units digit of 4903?
3
What is the hundreds digit of 3915?
9
What is the hundreds digit of 9424?
4
What is the thousands digit of 9864?
9
What is the thousands digit of 4510?
4
What is the tens digit of 27874?
7
What is the units digit of 42?
2
What is the thousands digit of 3151?
3
What is the units digit of 7681?
1
What is the thousands digit of 36690?
6
What is the hundreds digit of 10589?
5
What is the tens digit of 1305?
0
What is the hundreds digit of 19357?
3
What is the hundreds digit of 246?
2
What is the hundreds digit of 67671?
6
What is the tens digit of 63933?
3
What is the units digit of 600?
0
What is the tens digit of 1863?
6
What is the tens digit of 9605?
0
What is the units digit of 9163?
3
What is the thousands digit of 118239?
8
What is the hundreds digit of 10828?
8
What is the tens digit of 7235?
3
What is the tens digit of 3587?
8
What is the units digit of 3799?
9
What is the tens digit of 5100?
0
What is the ten thousands digit of 126684?
2
What is the ten thousands digit of 24945?
2
What is the hundreds digit of 2457?
4
What is the thousands digit of 44314?
4
What is the tens digit of 3259?
5
What is the hundreds digit of 100904?
9
What is the units digit of 87163?
3
What is the tens digit of 6831?
3
What is the ten thousands digit of 21788?
2
What is the hundreds digit of 1504?
5
What is the tens digit of 501?
0
What is the tens digit of 849?
4
What is the hundreds digit of 6308?
3
What is the thousands digit of 1220?
1
What is the units digit of 87943?
3
What is the tens digit of 3490?
9
What is the units digit of 2642?
2
What is the tens digit of 2017?
1
What is the hundreds digit of 78022?
0
What is the thousands digit of 1970?
1
What is the tens digit of 9458?
5
What is the hundreds digit of 33447?
4
What is the tens digit of 3240?
4
What is the thousands digit of 76315?
6
What is the ten thousands digit of 26033?
2
What is the thousands digit of 1555?
1
What is the tens digit of 3242?
4
What is the hundreds digit of 3582?
5
What is the tens digit of 97?
9
What is the tens digit of 1340?
4
What is the tens digit of 125?
2
What is the units digit of 2725?
5
What is the units digit of 9415?
5
What is the tens digit of 11018?
1
What is the hundreds digit of 41728?
7
What is the thousands digit of 3446?
3
What is the thousands digit of 1096?
1
What is the hundreds digit of 512?
5
What is the tens digit of 8391?
9
What is the hundreds digit of 46388?
3
What is the tens digit of 7813?
1
What is the ten thousands digit of 51268?
5
What is the tens digit of 23552?
5
What is the tens digit of 4474?
7
What is the thousands digit of 2217?
2
What is the tens digit of 1428?
2
What is the ten thousands digit of 30775?
3
What is the ten thousands digit of 96328?
9
What is the tens digit of 5668?
6
What is the units digit of 947?
7
What is the hundreds digit of 5366?
3
What is the hundreds digit of 334?
3
What is the units digit of 3513?
3
What is the units digit of 3679?
9
What is the tens digit of 502?
0
What is the thousands digit of 1191?
1
What is the hundreds digit of 71696?
6
What is the tens digit of 1265?
6
What is the thousands digit of 2102?
2
What is the units digit of 838?
8
What is the units digit of 348?
8
What is the tens digit of 2122?
2
What is the hundreds digit of 5853?
8
What is the units digit of 337?
7
What is the units digit of 8956?
6
What is the hundreds digit of 1817?
8
What is the tens digit of 1398?
9
What is the thousands digit of 101515?
1
What is the thousands digit of 31643?
1
What is the hundreds digit of 10577?
5
What is the units digit of 25344?
4
What is the hundreds digit of 114?
1
What is the thousands digit of 2772?
2
What is the ten thousands digit of 33603?
3
What is the hundreds digit of 1883?
8
What is the tens digit of 7654?
5
What is the hundreds digit of 7145?
1
What is the hundreds digit of 121?
1
What is the tens digit of 74?
7
What is the units digit of 69369?
9
What is the thousands digit of 78441?
8
What is the tens digit of 4336?
3
What is the hundreds digit of 450?
4
What is the ten thousands digit of 36125?
3
What is the tens digit of 289?
8
What is the tens digit of 3017?
1
What is the hundreds digit of 3039?
0
What is the tens digit of 894?
9
What is the units digit of 842?
2
What is the hundreds digit of 1169?
1
What is the ten thousands digit of 96210?
9
What is the thousands digit of 89432?
9
What is the hundreds digit of 6599?
5
What is the tens digit of 48356?
5
What is the units digit of 490?
0
What is the tens digit of 84?
8
What is the units digit of 10336?
6
What is the tens digit of 7689?
8
What is the hundreds digit of 3072?
0
What is the tens digit of 2198?
9
What is the thousands digit of 4609?
4
What is the tens digit of 4939?
3
What is the tens digit of 9976?
7
What is the units digit of 18050?
0
What is